0 = -4*m + b*m - 6. Let s be -3*(3 - (-64)/m). Calculate the greatest common divisor of s and 46.
23
Suppose 0 = -5*p - 5*k + 265, -2*p - 3*p + 259 = 3*k. What is the greatest common factor of p and 30?
10
Suppose 0*w - 16 = 4*p + 4*w, 0 = 4*p - 5*w - 20. Suppose 4*c - 3*c + 4*n - 43 = p, n = 2*c - 68. What is the highest common factor of 5 and c?
5
Suppose 941 = 18*p - 2821. Calculate the greatest common factor of 22 and p.
11
Let c be (-16)/4 + 1 + 8. What is the highest common factor of 135 and c?
5
Let o(p) = -p**3 + 3*p**2 - 2. Let t be o(2). Suppose -2*q - 3*x + 29 = 0, 5*q + 3*x - 45 = x. What is the highest common divisor of t and q?
1
Let c(w) = -w**2 + 13*w - 31. Let x be c(6). Calculate the greatest common divisor of x and 11.
11
Suppose -2*j + 7*j = 175. Calculate the highest common divisor of j and 15.
5
Suppose -5*z + 236 = -74. Let y = z - 48. Calculate the highest common factor of 35 and y.
7
Suppose -42 + 282 = 8*r. Calculate the greatest common factor of 40 and r.
10
Let o(s) = s**2 + 8*s + 12. Suppose 2*u - 7*u - 40 = 0. Let l be o(u). What is the greatest common divisor of l and 132?
12
Let u = 214 - 129. What is the greatest common factor of u and 45?
5
Suppose -61 = -2*u - b + 4*b, -4*u + 112 = -4*b. Suppose -151 = -7*c + 24. Suppose 0 = 15*k - c*k + 1840. What is the highest common divisor of u and k?
23
Suppose -85*q = -79*q - 3810. What is the greatest common factor of q and 15?
5
Suppose -6*w + 371 = -217. Calculate the greatest common divisor of 7 and w.
7
Let v = 28 + -18. Let c(g) = -2*g**2 + 21*g + 4. Let z be c(v). Let t be 0 + 0 + 42/1. Calculate the highest common factor of z and t.
14
Suppose 6*c = 13*c + 42. Let k be 1/(c/(-21))*6. Calculate the greatest common factor of k and 21.
21
Let p be 65/52 - 135/(-4). What is the highest common divisor of 875 and p?
35
Let b be (3 + 19/(-3))*-24. Let i be (-142)/(-7) - 60/210. What is the greatest common factor of b and i?
20
Let l(y) be the first derivative of y**3/3 + y**2 + 3. Let j be l(-2). Let f be (j - -1)/((-5)/(-105)). What is the highest common divisor of 7 and f?
7
Let u = -13 + -4. Let h = u + 19. Let f = h - -7. Calculate the highest common factor of 36 and f.
9
Suppose 2*a + 3*t + 0*t = 53, 3*a = -5*t + 80. Suppose -92 = 13*v - 17*v. Let m = v - 13. Calculate the highest common factor of a and m.
5
Let q(h) = 24*h - 1. Let b(p) = p. Let w(d) = 3*b(d) + q(d). Let u be w(1). Calculate the greatest common factor of 39 and u.
13
Let k(q) = -q**3 - 10*q**2 + 12*q + 13. Let h be k(-11). Let j(p) = p**3 - p**2 + 3. Let t be j(0). Calculate the highest common factor of t and h.
1
Suppose -3*x + 107 - 11 = 0. Calculate the highest common divisor of x and 96.
32
Suppose -2*k - 75 = -4*k - 5*b, 40 = k + 3*b. Suppose 8*u - 175 = u. What is the highest common divisor of u and k?
25
Let r(q) be the second derivative of 2*q**3/3 + 24*q**2 + 34*q. Let o be r(-9). What is the greatest common divisor of 12 and o?
12
Let f be 549/(-63) - (-2)/(-7). Let h be ((-51)/f + -3)/(2/45). What is the greatest common divisor of h and 40?
20
Suppose -10*p + p = -27. Suppose q = 3, -p*i + 4*i - 28 = -3*q. What is the greatest common divisor of 152 and i?
19
Let j(n) = 3*n**2 - 5*n - 2. Let p(r) = -2*r**2 + 6*r + 3. Let b(m) = 6*j(m) + 5*p(m). Let l be b(2). What is the greatest common divisor of 14 and l?
7
Suppose -11*f = -6*f - 60. What is the highest common divisor of 18 and f?
6
Let u(s) = 1 + 2 - 5 - 2*s - 2. Let q(i) = -i - 9. Let d be q(-4). Let t be u(d). What is the greatest common factor of 30 and t?
6
Let f = 19 - 2. Suppose 21*m = f*m + 80. Calculate the greatest common factor of m and 4.
4
Let z = -39 + 115. Let f = -75 + z. What is the highest common divisor of 3 and f?
1
Suppose -3*g = -3*d - 306, 0 = -d - 6 + 3. Calculate the highest common divisor of 9 and g.
9
Let r(s) = -s**2 + 16*s - 8. Let y be r(12). Suppose -u + y = -2*d, 0*u + 4*u = -d + 160. Calculate the highest common factor of u and 5.
5
Let f be -213*10/135 - 4/18. Suppose -v = 0, -2*x - 3*v = -x - 5. Let w be f/6*(x + -11). Calculate the greatest common factor of 40 and w.
8
Suppose 0 = -4*o - 4*s - 0*s - 12, 0 = -3*s - 12. Let r be (-3)/3 - (o + -5). Suppose -4*h + 16 = -r*h. Calculate the greatest common divisor of 24 and h.
8
Suppose -5*g - 164 + 484 = 0. Let o = -248 + 264. Calculate the greatest common divisor of o and g.
16
Let u be (-1135)/(-10) + (-3)/2. Let k(d) = d**3 + 6*d**2 - 3*d - 2. Let n be k(-6). What is the greatest common divisor of n and u?
16
Let i = -236 - -245. Calculate the highest common divisor of 27 and i.
9
Suppose 2*p = -3*t + 4*t + 87, 3*p + 3*t - 144 = 0. Suppose -3*o + 27 = -27. Calculate the highest common divisor of p and o.
9
Suppose 1728 = -q + 28*q. Calculate the highest common factor of 16 and q.
16
Suppose 51*w - 454 - 362 = 0. What is the greatest common factor of 1264 and w?
16
Suppose 5*w - 3*w + 15 = n, -4*w - 40 = -4*n. Let g = -71 + 74. Suppose -2*u - g*u = -n. Calculate the highest common factor of u and 5.
1
Let u be 58 + (-2)/4 + 1/(-2). What is the greatest common factor of 247 and u?
19
Suppose 739*s = 759*s - 440. What is the highest common divisor of 46 and s?
2
Suppose -5*d = -8*w + 9*w - 34, -2*w = 4*d - 38. Suppose -4*r = -3*i + 164 - 37, -4*r = i - 53. What is the highest common factor of w and i?
9
Let q(g) = 2*g + 63. Let j be q(-30). Calculate the greatest common divisor of j and 81.
3
Suppose 0 = -309*k + 324*k - 5355. What is the greatest common divisor of k and 42?
21
Let l be (6 + -3)*58/(-6). Let g = l - -36. Suppose u = 5*v - v + 36, -3*v + 15 = 0. Calculate the greatest common factor of u and g.
7
Let h(o) = 23*o + 36. Let b be h(4). What is the highest common divisor of b and 4?
4
Suppose -9*v = -2966 - 1255. Calculate the greatest common factor of v and 67.
67
Suppose -25 = -5*h - 5. Let l be ((-35)/(-5) + 133/(-21))/((-1)/(-42)). What is the highest common divisor of l and h?
4
Suppose 0 = 3*q - 4*q + 4. Suppose 2*d = 3*d - 8. Calculate the highest common factor of d and q.
4
Let y = 42 + 29. What is the greatest common divisor of 355 and y?
71
Let a = 12 - 18. Let r(n) = n**3 + 7*n**2. Let j be r(a). Let m = 146 - j. Calculate the highest common factor of m and 10.
10
Let h(y) = -y**3 - 7*y**2 + 7*y + 2. Let v be h(-6). Let f be v/(-3) + 4/6. What is the greatest common divisor of 65 and f?
13
Let c = 1675 + -1389. Calculate the highest common factor of c and 44.
22
Let p(f) = -5*f**2 + 57*f - 30. Let u be p(9). What is the greatest common factor of u and 48?
6
Suppose 0 - 10 = -2*k. Suppose 0 = 4*r + 4, -k*r - 15 = -a - 5. Calculate the highest common divisor of a and 10.
5
Suppose -1323 = 27*r - 21735. Calculate the greatest common factor of 336 and r.
84
Let j = -79 + 32. Let o = 68 + j. Let g be 3/5 - o/(-15). Calculate the highest common factor of g and 4.
2
Suppose 2*n + 4*t - 9 = -3*n, 0 = n + 3*t - 4. Let x be 3*(n + (-6)/(-9)). Calculate the highest common divisor of 15 and x.
5
Let a(p) = -p**3 + 29*p**2 - 53*p + 48. Let w be a(27). What is the highest common factor of w and 300?
75
Suppose -3*c + 0*c - 16 = -4*j, 4*j - 5*c - 24 = 0. What is the highest common factor of j and 1?
1
Suppose -4*c - 16 = 0, 6 = 5*w - 5*c - 74. What is the greatest common factor of w and 192?
12
Suppose 0 = -15*c + 5*c + 140. Let q be (-4)/10 + 9/(-15). Let b(r) = 6*r**2 - 2*r - 1. Let x be b(q). What is the greatest common factor of c and x?
7
Suppose 3*b + 5 + 1 = 0. Let d be (-5)/10*12*b. Let a be 9/1 + 1 + 2. What is the greatest common divisor of a and d?
12
Let h = 8 - -2. Let u = -43 - -47. Suppose 0 = u*l - 2*l - 160. What is the greatest common factor of h and l?
10
Suppose -16 = -9*p + 5*p. Let u = 23 - 4. Suppose p*t = u + 57. Calculate the greatest common divisor of t and 19.
19
Let i(g) = -18*g + 9 + 8*g + 2 + 9*g. Let q be i(8). Let f be (4/3)/((-8)/(-108)). Calculate the greatest common divisor of q and f.
3
Let j be (969/119)/19 + (-13014)/(-14). Calculate the greatest common divisor of j and 60.
30
Let w be ((-12)/16)/((-3)/12). Suppose -h = k - 41, 3*h + 0*h - 105 = w*k. Let l = 147 - 52. Calculate the greatest common factor of h and l.
19
Suppose 6*n - 6 - 12 = 0. Suppose -2*w = -3*j + n*w, -7 = j - 4*w. What is the highest